{"id":1205,"date":"2023-11-30T17:51:10","date_gmt":"2023-11-30T20:51:10","guid":{"rendered":"https:\/\/meiremendesjoias.com.br\/novo\/?post_type=product&#038;p=1205"},"modified":"2023-12-06T16:52:18","modified_gmt":"2023-12-06T19:52:18","slug":"pingente-figa-ouro-18-k","status":"publish","type":"product","link":"https:\/\/meiremendesjoias.com.br\/novo\/produto\/pingente-figa-ouro-18-k\/","title":{"rendered":"Pingente Figa Ouro 18 k"},"content":{"rendered":"<p>Pingente figa em ouro amarelo 18 k.<br \/>\nTamanho: 1,8 cm de altura com o passante x 0,4 cm de largura<br \/>\nPeso m\u00e9dio: 4 gramas<br \/>\nPrazo de fabrica\u00e7\u00e3o: 10 dias \u00fateis<\/p>\n","protected":false},"excerpt":{"rendered":"<p>Pingente figa em ouro amarelo 18 k.<br \/>\nTamanho: 1,8 cm de altura com o passante x 0,4 cm de largura<br \/>\nPeso m\u00e9dio: 4 gramas<br \/>\nPrazo de fabrica\u00e7\u00e3o: 10 dias \u00fateis<\/p>\n","protected":false},"featured_media":1235,"comment_status":"open","ping_status":"closed","template":"","meta":[],"product_brand":[],"product_cat":[231],"product_tag":[297,631,632,202,60,182,224],"class_list":{"0":"post-1205","1":"product","2":"type-product","3":"status-publish","4":"has-post-thumbnail","6":"product_cat-piercing","7":"product_tag-adulto","8":"product_tag-figa","9":"product_tag-figuinha","10":"product_tag-infantil","11":"product_tag-ouro-18-k","12":"product_tag-pingente","13":"product_tag-pingentes","15":"first","16":"outofstock","17":"shipping-taxable","18":"product-type-simple"},"_links":{"self":[{"href":"https:\/\/meiremendesjoias.com.br\/novo\/wp-json\/wp\/v2\/product\/1205","targetHints":{"allow":["GET"]}}],"collection":[{"href":"https:\/\/meiremendesjoias.com.br\/novo\/wp-json\/wp\/v2\/product"}],"about":[{"href":"https:\/\/meiremendesjoias.com.br\/novo\/wp-json\/wp\/v2\/types\/product"}],"replies":[{"embeddable":true,"href":"https:\/\/meiremendesjoias.com.br\/novo\/wp-json\/wp\/v2\/comments?post=1205"}],"wp:featuredmedia":[{"embeddable":true,"href":"https:\/\/meiremendesjoias.com.br\/novo\/wp-json\/wp\/v2\/media\/1235"}],"wp:attachment":[{"href":"https:\/\/meiremendesjoias.com.br\/novo\/wp-json\/wp\/v2\/media?parent=1205"}],"wp:term":[{"taxonomy":"product_brand","embeddable":true,"href":"https:\/\/meiremendesjoias.com.br\/novo\/wp-json\/wp\/v2\/product_brand?post=1205"},{"taxonomy":"product_cat","embeddable":true,"href":"https:\/\/meiremendesjoias.com.br\/novo\/wp-json\/wp\/v2\/product_cat?post=1205"},{"taxonomy":"product_tag","embeddable":true,"href":"https:\/\/meiremendesjoias.com.br\/novo\/wp-json\/wp\/v2\/product_tag?post=1205"}],"curies":[{"name":"wp","href":"https:\/\/api.w.org\/{rel}","templated":true}]}}