{"id":127,"date":"2023-11-30T17:42:04","date_gmt":"2023-11-30T20:42:04","guid":{"rendered":"https:\/\/meiremendesjoias.com.br\/novo\/?post_type=product&#038;p=127"},"modified":"2023-12-06T16:52:22","modified_gmt":"2023-12-06T19:52:22","slug":"par-alianca-ouro-18-k-rose-diamantada-6-mm","status":"publish","type":"product","link":"https:\/\/meiremendesjoias.com.br\/novo\/produto\/par-alianca-ouro-18-k-rose-diamantada-6-mm\/","title":{"rendered":"Par Alian\u00e7a Ouro 18 k Ros\u00ea Diamantada &#8211; 6 mm"},"content":{"rendered":"<p>Par de alian\u00e7as em ouro ros\u00ea, diamantada, tradicional, com friso e cantos chanfrados lisos e polidos.<\/p>\n<p>Largura: 6 mm<\/p>\n<p>Prazo para fabrica\u00e7\u00e3o: 30 dias, podendo ocorrer antes.<\/p>\n","protected":false},"excerpt":{"rendered":"<p>Par de alian\u00e7as em ouro ros\u00ea, diamantada, tradicional, com friso e cantos chanfrados lisos e polidos.<\/p>\n<p>Largura: 6 mm<\/p>\n<p>Prazo para fabrica\u00e7\u00e3o: 30 dias, podendo ocorrer antes.<\/p>\n<p>Fa\u00e7a um or\u00e7amento sem compromisso!\u00a0 <strong><a href=\"https:\/\/wa.me\/5511974401999\" target=\"_blank\" rel=\"noopener\">CLIQUE AQUI<\/a><\/strong><\/p>\n","protected":false},"featured_media":181,"comment_status":"open","ping_status":"closed","template":"","meta":[],"product_brand":[],"product_cat":[108],"product_tag":[25,110,82,117,118,84,76,145,113,115],"class_list":{"0":"post-127","1":"product","2":"type-product","3":"status-publish","4":"has-post-thumbnail","6":"product_cat-aliancas","7":"product_tag-alianca","8":"product_tag-aliancas","9":"product_tag-casamento","10":"product_tag-compromisso","11":"product_tag-diamantada","12":"product_tag-namoro","13":"product_tag-noivado","14":"product_tag-ouro-rose","15":"product_tag-polida","16":"product_tag-tradicional","18":"first","19":"outofstock","20":"shipping-taxable","21":"product-type-simple"},"_links":{"self":[{"href":"https:\/\/meiremendesjoias.com.br\/novo\/wp-json\/wp\/v2\/product\/127","targetHints":{"allow":["GET"]}}],"collection":[{"href":"https:\/\/meiremendesjoias.com.br\/novo\/wp-json\/wp\/v2\/product"}],"about":[{"href":"https:\/\/meiremendesjoias.com.br\/novo\/wp-json\/wp\/v2\/types\/product"}],"replies":[{"embeddable":true,"href":"https:\/\/meiremendesjoias.com.br\/novo\/wp-json\/wp\/v2\/comments?post=127"}],"wp:featuredmedia":[{"embeddable":true,"href":"https:\/\/meiremendesjoias.com.br\/novo\/wp-json\/wp\/v2\/media\/181"}],"wp:attachment":[{"href":"https:\/\/meiremendesjoias.com.br\/novo\/wp-json\/wp\/v2\/media?parent=127"}],"wp:term":[{"taxonomy":"product_brand","embeddable":true,"href":"https:\/\/meiremendesjoias.com.br\/novo\/wp-json\/wp\/v2\/product_brand?post=127"},{"taxonomy":"product_cat","embeddable":true,"href":"https:\/\/meiremendesjoias.com.br\/novo\/wp-json\/wp\/v2\/product_cat?post=127"},{"taxonomy":"product_tag","embeddable":true,"href":"https:\/\/meiremendesjoias.com.br\/novo\/wp-json\/wp\/v2\/product_tag?post=127"}],"curies":[{"name":"wp","href":"https:\/\/api.w.org\/{rel}","templated":true}]}}