{"id":162,"date":"2023-11-30T17:42:25","date_gmt":"2023-11-30T20:42:25","guid":{"rendered":"https:\/\/meiremendesjoias.com.br\/novo\/?post_type=product&#038;p=162"},"modified":"2023-12-01T19:08:54","modified_gmt":"2023-12-01T22:08:54","slug":"colar-perolas-com-broche-flor-cravejado","status":"publish","type":"product","link":"https:\/\/meiremendesjoias.com.br\/novo\/produto\/colar-perolas-com-broche-flor-cravejado\/","title":{"rendered":"Colar P\u00e9rolas Com Broche Flor Cravejado"},"content":{"rendered":"<p>Colar de p\u00e9rolas de \u00e1gua doce e broche flor todo cravejado de micro zirc\u00f4nias, banhado a r\u00f3dio.<br \/>\nComprimento: 43 cm, mais extensor que chega at\u00e9 48 cm<br \/>\nBroche: 2,3 cm de largura x 2,3 cm de altura<\/p>\n","protected":false},"excerpt":{"rendered":"<p>Colar de p\u00e9rolas e broche flor todo cravejado de micro zirc\u00f4nias, banhado a r\u00f3dio.<br \/>\nComprimento: 43 cm, mais extensor que chega at\u00e9 48 cm<br \/>\nBroche: 2,3 cm de largura x 2,3 cm de altura<\/p>\n","protected":false},"featured_media":194,"comment_status":"open","ping_status":"closed","template":"","meta":[],"product_brand":[],"product_cat":[170,17],"product_tag":[22,179,172,41,177,57],"class_list":{"0":"post-162","1":"product","2":"type-product","3":"status-publish","4":"has-post-thumbnail","6":"product_cat-colares","7":"product_cat-sale","8":"product_tag-banhado-a-rodio","9":"product_tag-broche-flor","10":"product_tag-colar","11":"product_tag-micro-cravacao","12":"product_tag-perola","13":"product_tag-perolas","15":"first","16":"instock","17":"sale","18":"shipping-taxable","19":"purchasable","20":"product-type-simple"},"_links":{"self":[{"href":"https:\/\/meiremendesjoias.com.br\/novo\/wp-json\/wp\/v2\/product\/162","targetHints":{"allow":["GET"]}}],"collection":[{"href":"https:\/\/meiremendesjoias.com.br\/novo\/wp-json\/wp\/v2\/product"}],"about":[{"href":"https:\/\/meiremendesjoias.com.br\/novo\/wp-json\/wp\/v2\/types\/product"}],"replies":[{"embeddable":true,"href":"https:\/\/meiremendesjoias.com.br\/novo\/wp-json\/wp\/v2\/comments?post=162"}],"wp:featuredmedia":[{"embeddable":true,"href":"https:\/\/meiremendesjoias.com.br\/novo\/wp-json\/wp\/v2\/media\/194"}],"wp:attachment":[{"href":"https:\/\/meiremendesjoias.com.br\/novo\/wp-json\/wp\/v2\/media?parent=162"}],"wp:term":[{"taxonomy":"product_brand","embeddable":true,"href":"https:\/\/meiremendesjoias.com.br\/novo\/wp-json\/wp\/v2\/product_brand?post=162"},{"taxonomy":"product_cat","embeddable":true,"href":"https:\/\/meiremendesjoias.com.br\/novo\/wp-json\/wp\/v2\/product_cat?post=162"},{"taxonomy":"product_tag","embeddable":true,"href":"https:\/\/meiremendesjoias.com.br\/novo\/wp-json\/wp\/v2\/product_tag?post=162"}],"curies":[{"name":"wp","href":"https:\/\/api.w.org\/{rel}","templated":true}]}}