{"id":211,"date":"2023-11-30T17:42:46","date_gmt":"2023-11-30T20:42:46","guid":{"rendered":"https:\/\/meiremendesjoias.com.br\/novo\/?post_type=product&#038;p=211"},"modified":"2023-12-01T19:08:53","modified_gmt":"2023-12-01T22:08:53","slug":"gargantilha-relicario","status":"publish","type":"product","link":"https:\/\/meiremendesjoias.com.br\/novo\/produto\/gargantilha-relicario\/","title":{"rendered":"Gargantilha Relic\u00e1rio"},"content":{"rendered":"","protected":false},"excerpt":{"rendered":"<p>Gargantilha banhada a ouro amarelo, com pingentes de cora\u00e7\u00e3o (relic\u00e1rio), crucifixo, esp\u00edrito santo e p\u00e9rolas de \u00e1gua doce.<br \/>\nComprimento: 41 cm, mais extensor que chega at\u00e9 47 cm.<br \/>\nCora\u00e7\u00e3o: 2,0 cm de largura x 2,0 cm de altura.<\/p>\n","protected":false},"featured_media":266,"comment_status":"open","ping_status":"closed","template":"","meta":[],"product_brand":[],"product_cat":[170],"product_tag":[185,175,29,106,217,186,57,218,107],"class_list":{"0":"post-211","1":"product","2":"type-product","3":"status-publish","4":"has-post-thumbnail","6":"product_cat-colares","7":"product_tag-banhada-a-ouro-amarelo-18-k","8":"product_tag-colares","9":"product_tag-coracao","10":"product_tag-crucifixo","11":"product_tag-espirito-santo","12":"product_tag-gargantilha","13":"product_tag-perolas","14":"product_tag-relicario","15":"product_tag-religioso","17":"first","18":"instock","19":"shipping-taxable","20":"purchasable","21":"product-type-simple"},"_links":{"self":[{"href":"https:\/\/meiremendesjoias.com.br\/novo\/wp-json\/wp\/v2\/product\/211","targetHints":{"allow":["GET"]}}],"collection":[{"href":"https:\/\/meiremendesjoias.com.br\/novo\/wp-json\/wp\/v2\/product"}],"about":[{"href":"https:\/\/meiremendesjoias.com.br\/novo\/wp-json\/wp\/v2\/types\/product"}],"replies":[{"embeddable":true,"href":"https:\/\/meiremendesjoias.com.br\/novo\/wp-json\/wp\/v2\/comments?post=211"}],"wp:featuredmedia":[{"embeddable":true,"href":"https:\/\/meiremendesjoias.com.br\/novo\/wp-json\/wp\/v2\/media\/266"}],"wp:attachment":[{"href":"https:\/\/meiremendesjoias.com.br\/novo\/wp-json\/wp\/v2\/media?parent=211"}],"wp:term":[{"taxonomy":"product_brand","embeddable":true,"href":"https:\/\/meiremendesjoias.com.br\/novo\/wp-json\/wp\/v2\/product_brand?post=211"},{"taxonomy":"product_cat","embeddable":true,"href":"https:\/\/meiremendesjoias.com.br\/novo\/wp-json\/wp\/v2\/product_cat?post=211"},{"taxonomy":"product_tag","embeddable":true,"href":"https:\/\/meiremendesjoias.com.br\/novo\/wp-json\/wp\/v2\/product_tag?post=211"}],"curies":[{"name":"wp","href":"https:\/\/api.w.org\/{rel}","templated":true}]}}