{"id":22,"date":"2023-11-30T17:41:17","date_gmt":"2023-11-30T20:41:17","guid":{"rendered":"https:\/\/meiremendesjoias.com.br\/novo\/?post_type=product&#038;p=22"},"modified":"2023-12-15T13:14:12","modified_gmt":"2023-12-15T16:14:12","slug":"anel-moeda-antiga-pedra-onix-sodalita-zirconia","status":"publish","type":"product","link":"https:\/\/meiremendesjoias.com.br\/novo\/produto\/anel-moeda-antiga-pedra-onix-sodalita-zirconia\/","title":{"rendered":"Anel Moeda Antiga Pedra \u00d4nix Sodalita Zirc\u00f4nia"},"content":{"rendered":"<p>An\u00e9is de moeda antiga, com pedra \u00f4nix (preta), sodalita e zirc\u00f4nia azul.<\/p>\n<p>Escolha o modelo que deseja nas fotos em anexo 1, 2, 3, 4, 5, 6, 7 ou 8.<\/p>\n<p>Prazo de fabrica\u00e7\u00e3o: 7 dias \u00fateis ap\u00f3s o pedido e o pagamento.<\/p>\n","protected":false},"excerpt":{"rendered":"<p>An\u00e9is de moeda antiga, com pedra \u00f4nix (preta), sodalita e zirc\u00f4nia azul.<\/p>\n<p>Escolha o modelo que deseja nas fotos em anexo 1, 2, 3, 4, 5, 6, 7 ou 8.<\/p>\n<p>Prazo de fabrica\u00e7\u00e3o: 7 dias \u00fateis ap\u00f3s o pedido e o pagamento.<\/p>\n","protected":false},"featured_media":63,"comment_status":"open","ping_status":"closed","template":"","meta":[],"product_brand":[],"product_cat":[16],"product_tag":[19,46,50,51,52],"class_list":{"0":"post-22","1":"product","2":"type-product","3":"status-publish","4":"has-post-thumbnail","6":"product_cat-aneis","7":"product_tag-anel","8":"product_tag-moeda-antiga","9":"product_tag-pedra-onix","10":"product_tag-sodalita","11":"product_tag-zirconia-azul","13":"first","14":"outofstock","15":"shipping-taxable","16":"product-type-simple"},"_links":{"self":[{"href":"https:\/\/meiremendesjoias.com.br\/novo\/wp-json\/wp\/v2\/product\/22","targetHints":{"allow":["GET"]}}],"collection":[{"href":"https:\/\/meiremendesjoias.com.br\/novo\/wp-json\/wp\/v2\/product"}],"about":[{"href":"https:\/\/meiremendesjoias.com.br\/novo\/wp-json\/wp\/v2\/types\/product"}],"replies":[{"embeddable":true,"href":"https:\/\/meiremendesjoias.com.br\/novo\/wp-json\/wp\/v2\/comments?post=22"}],"wp:featuredmedia":[{"embeddable":true,"href":"https:\/\/meiremendesjoias.com.br\/novo\/wp-json\/wp\/v2\/media\/63"}],"wp:attachment":[{"href":"https:\/\/meiremendesjoias.com.br\/novo\/wp-json\/wp\/v2\/media?parent=22"}],"wp:term":[{"taxonomy":"product_brand","embeddable":true,"href":"https:\/\/meiremendesjoias.com.br\/novo\/wp-json\/wp\/v2\/product_brand?post=22"},{"taxonomy":"product_cat","embeddable":true,"href":"https:\/\/meiremendesjoias.com.br\/novo\/wp-json\/wp\/v2\/product_cat?post=22"},{"taxonomy":"product_tag","embeddable":true,"href":"https:\/\/meiremendesjoias.com.br\/novo\/wp-json\/wp\/v2\/product_tag?post=22"}],"curies":[{"name":"wp","href":"https:\/\/api.w.org\/{rel}","templated":true}]}}