{"id":23,"date":"2023-11-30T17:41:17","date_gmt":"2023-11-30T20:41:17","guid":{"rendered":"https:\/\/meiremendesjoias.com.br\/novo\/?post_type=product&#038;p=23"},"modified":"2023-12-15T13:14:37","modified_gmt":"2023-12-15T16:14:37","slug":"anel-moeda-antiga-quadrado-redondo-liso-letra","status":"publish","type":"product","link":"https:\/\/meiremendesjoias.com.br\/novo\/produto\/anel-moeda-antiga-quadrado-redondo-liso-letra\/","title":{"rendered":"Anel Moeda Antiga Quadrado Redondo Liso Letra"},"content":{"rendered":"<p>An\u00e9is de moeda antiga, quadrado ou redondo liso e quadrado ou redondo com letra inicial do nome. Escolha o seu!<\/p>\n<p>Prazo de fabrica\u00e7\u00e3o: 7 dias \u00fateis ap\u00f3s o pedido e o pagamento.<\/p>\n<p>ATEN\u00c7\u00c3O! Se a escolha for an\u00e9is lisos, no campo para digitar a letra coloque apenas um tra\u00e7o.<\/p>\n","protected":false},"excerpt":{"rendered":"<p>An\u00e9is de moeda antiga, quadrado ou redondo liso e quadrado ou redondo com letra inicial do nome. Escolha o seu!<\/p>\n<p>Prazo de fabrica\u00e7\u00e3o: 7 dias \u00fateis ap\u00f3s o pedido e o pagamento.<\/p>\n<p>Entre em contato por WhatsApp para nos informar como deseja o anel.<\/p>\n","protected":false},"featured_media":66,"comment_status":"open","ping_status":"closed","template":"","meta":[],"product_brand":[],"product_cat":[16],"product_tag":[19,53,54,45,46,55,47,48,49],"class_list":{"0":"post-23","1":"product","2":"type-product","3":"status-publish","4":"has-post-thumbnail","6":"product_cat-aneis","7":"product_tag-anel","8":"product_tag-inicial","9":"product_tag-letra","10":"product_tag-liso","11":"product_tag-moeda-antiga","12":"product_tag-nome","13":"product_tag-polido","14":"product_tag-quadrado","15":"product_tag-redondo","17":"first","18":"outofstock","19":"shipping-taxable","20":"product-type-simple"},"_links":{"self":[{"href":"https:\/\/meiremendesjoias.com.br\/novo\/wp-json\/wp\/v2\/product\/23","targetHints":{"allow":["GET"]}}],"collection":[{"href":"https:\/\/meiremendesjoias.com.br\/novo\/wp-json\/wp\/v2\/product"}],"about":[{"href":"https:\/\/meiremendesjoias.com.br\/novo\/wp-json\/wp\/v2\/types\/product"}],"replies":[{"embeddable":true,"href":"https:\/\/meiremendesjoias.com.br\/novo\/wp-json\/wp\/v2\/comments?post=23"}],"wp:featuredmedia":[{"embeddable":true,"href":"https:\/\/meiremendesjoias.com.br\/novo\/wp-json\/wp\/v2\/media\/66"}],"wp:attachment":[{"href":"https:\/\/meiremendesjoias.com.br\/novo\/wp-json\/wp\/v2\/media?parent=23"}],"wp:term":[{"taxonomy":"product_brand","embeddable":true,"href":"https:\/\/meiremendesjoias.com.br\/novo\/wp-json\/wp\/v2\/product_brand?post=23"},{"taxonomy":"product_cat","embeddable":true,"href":"https:\/\/meiremendesjoias.com.br\/novo\/wp-json\/wp\/v2\/product_cat?post=23"},{"taxonomy":"product_tag","embeddable":true,"href":"https:\/\/meiremendesjoias.com.br\/novo\/wp-json\/wp\/v2\/product_tag?post=23"}],"curies":[{"name":"wp","href":"https:\/\/api.w.org\/{rel}","templated":true}]}}