{"id":253,"date":"2023-11-30T17:43:08","date_gmt":"2023-11-30T20:43:08","guid":{"rendered":"https:\/\/meiremendesjoias.com.br\/novo\/?post_type=product&#038;p=253"},"modified":"2023-12-01T19:08:51","modified_gmt":"2023-12-01T22:08:51","slug":"brinco-borboleta","status":"publish","type":"product","link":"https:\/\/meiremendesjoias.com.br\/novo\/produto\/brinco-borboleta\/","title":{"rendered":"Brinco Borboleta"},"content":{"rendered":"<p>Brinco banhado a r\u00f3dio, com pingente borboleta de madrep\u00e9rola, fusion e micro crava\u00e7\u00e3o na volta toda.<br \/>\nTamanho da borboleta: 2,3 cm de largura x 1,7 cm de altura<br \/>\nTemos a gargantilha para formar o conjunto. Veja na foto em anexo.<\/p>\n","protected":false},"excerpt":{"rendered":"<p>Brinco banhado a r\u00f3dio, com pingente borboleta de madrep\u00e9rola, fusion e micro crava\u00e7\u00e3o na volta toda.<br \/>\nTamanho da borboleta: 2,3 cm de largura x 1,7 cm de altura<br \/>\nTemos a gargantilha para formar o conjunto. Veja na foto em anexo.<\/p>\n","protected":false},"featured_media":305,"comment_status":"open","ping_status":"closed","template":"","meta":[],"product_brand":[],"product_cat":[153,17],"product_tag":[22,37,156,157,30,38,215],"class_list":{"0":"post-253","1":"product","2":"type-product","3":"status-publish","4":"has-post-thumbnail","6":"product_cat-brincos","7":"product_cat-sale","8":"product_tag-banhado-a-rodio","9":"product_tag-borboleta","10":"product_tag-brinco","11":"product_tag-brincos","12":"product_tag-fusion","13":"product_tag-madreperola","14":"product_tag-micro-zirconias","16":"first","17":"instock","18":"sale","19":"shipping-taxable","20":"purchasable","21":"product-type-simple"},"_links":{"self":[{"href":"https:\/\/meiremendesjoias.com.br\/novo\/wp-json\/wp\/v2\/product\/253","targetHints":{"allow":["GET"]}}],"collection":[{"href":"https:\/\/meiremendesjoias.com.br\/novo\/wp-json\/wp\/v2\/product"}],"about":[{"href":"https:\/\/meiremendesjoias.com.br\/novo\/wp-json\/wp\/v2\/types\/product"}],"replies":[{"embeddable":true,"href":"https:\/\/meiremendesjoias.com.br\/novo\/wp-json\/wp\/v2\/comments?post=253"}],"wp:featuredmedia":[{"embeddable":true,"href":"https:\/\/meiremendesjoias.com.br\/novo\/wp-json\/wp\/v2\/media\/305"}],"wp:attachment":[{"href":"https:\/\/meiremendesjoias.com.br\/novo\/wp-json\/wp\/v2\/media?parent=253"}],"wp:term":[{"taxonomy":"product_brand","embeddable":true,"href":"https:\/\/meiremendesjoias.com.br\/novo\/wp-json\/wp\/v2\/product_brand?post=253"},{"taxonomy":"product_cat","embeddable":true,"href":"https:\/\/meiremendesjoias.com.br\/novo\/wp-json\/wp\/v2\/product_cat?post=253"},{"taxonomy":"product_tag","embeddable":true,"href":"https:\/\/meiremendesjoias.com.br\/novo\/wp-json\/wp\/v2\/product_tag?post=253"}],"curies":[{"name":"wp","href":"https:\/\/api.w.org\/{rel}","templated":true}]}}