{"id":260,"date":"2023-11-30T17:43:08","date_gmt":"2023-11-30T20:43:08","guid":{"rendered":"https:\/\/meiremendesjoias.com.br\/novo\/?post_type=product&#038;p=260"},"modified":"2025-12-03T19:36:51","modified_gmt":"2025-12-03T22:36:51","slug":"conjunto-coracao-black","status":"publish","type":"product","link":"https:\/\/meiremendesjoias.com.br\/novo\/produto\/conjunto-coracao-black\/","title":{"rendered":"Conjunto Cora\u00e7\u00e3o Black"},"content":{"rendered":"","protected":false},"excerpt":{"rendered":"<p>Conjunto de colar e brinco banhado a ouro amarelo 18 k, de cora\u00e7\u00e3o todo cravejado de micro zirc\u00f4nias negras.<\/p>\n<p>Brinco: 1,5 cm de largura x 1,5 cm de altura<\/p>\n<p>Pingente: 3,2 de largura x 3,0 de altura<\/p>\n<p>Corrente: 47 cm, mais extensor que chega at\u00e9 52 cm de comprimento.<\/p>\n<p>&nbsp;<\/p>\n","protected":false},"featured_media":2331,"comment_status":"open","ping_status":"closed","template":"","meta":[],"product_brand":[],"product_cat":[315],"product_tag":[27,245,156,172,175,316,29,186,215],"class_list":{"0":"post-260","1":"product","2":"type-product","3":"status-publish","4":"has-post-thumbnail","6":"product_cat-conjuntos","7":"product_tag-banhado-a-ouro-amarelo-18-k","8":"product_tag-black","9":"product_tag-brinco","10":"product_tag-colar","11":"product_tag-colares","12":"product_tag-conjunto","13":"product_tag-coracao","14":"product_tag-gargantilha","15":"product_tag-micro-zirconias","17":"first","18":"outofstock","19":"shipping-taxable","20":"purchasable","21":"product-type-simple"},"_links":{"self":[{"href":"https:\/\/meiremendesjoias.com.br\/novo\/wp-json\/wp\/v2\/product\/260","targetHints":{"allow":["GET"]}}],"collection":[{"href":"https:\/\/meiremendesjoias.com.br\/novo\/wp-json\/wp\/v2\/product"}],"about":[{"href":"https:\/\/meiremendesjoias.com.br\/novo\/wp-json\/wp\/v2\/types\/product"}],"replies":[{"embeddable":true,"href":"https:\/\/meiremendesjoias.com.br\/novo\/wp-json\/wp\/v2\/comments?post=260"}],"wp:featuredmedia":[{"embeddable":true,"href":"https:\/\/meiremendesjoias.com.br\/novo\/wp-json\/wp\/v2\/media\/2331"}],"wp:attachment":[{"href":"https:\/\/meiremendesjoias.com.br\/novo\/wp-json\/wp\/v2\/media?parent=260"}],"wp:term":[{"taxonomy":"product_brand","embeddable":true,"href":"https:\/\/meiremendesjoias.com.br\/novo\/wp-json\/wp\/v2\/product_brand?post=260"},{"taxonomy":"product_cat","embeddable":true,"href":"https:\/\/meiremendesjoias.com.br\/novo\/wp-json\/wp\/v2\/product_cat?post=260"},{"taxonomy":"product_tag","embeddable":true,"href":"https:\/\/meiremendesjoias.com.br\/novo\/wp-json\/wp\/v2\/product_tag?post=260"}],"curies":[{"name":"wp","href":"https:\/\/api.w.org\/{rel}","templated":true}]}}