{"id":386,"date":"2023-11-30T17:44:16","date_gmt":"2023-11-30T20:44:16","guid":{"rendered":"https:\/\/meiremendesjoias.com.br\/novo\/?post_type=product&#038;p=386"},"modified":"2023-12-06T16:52:21","modified_gmt":"2023-12-06T19:52:21","slug":"brinco-ponto-de-luz-diamantes-ouro-18k","status":"publish","type":"product","link":"https:\/\/meiremendesjoias.com.br\/novo\/produto\/brinco-ponto-de-luz-diamantes-ouro-18k\/","title":{"rendered":"Brinco Ponto de Luz Diamantes Ouro 18k"},"content":{"rendered":"<p>Brinco ponto de luz de diamantes embutidos, de ouro amarelo 18 k.<br \/>\nLapida\u00e7\u00e3o: brilhantes &#8211; redondo<br \/>\nTamanho: 40 pontos &#8211; 4,6 mm<br \/>\nClassifica\u00e7\u00e3o: VS1<br \/>\nPrazo de fabrica\u00e7\u00e3o: 20 dias \u00fateis, podendo ocorrer antes.<br \/>\nGarantia permanente do ouro 18 k e pedras e de um ano contra defeitos de fabrica\u00e7\u00e3o<\/p>\n","protected":false},"excerpt":{"rendered":"<p>Brinco ponto de luz de diamantes embutidos, de ouro amarelo 18 k.<br \/>\nLapida\u00e7\u00e3o: brilhantes &#8211; redondo<br \/>\nTamanho: 40 pontos &#8211; 4,6 mm<br \/>\nClassifica\u00e7\u00e3o: VS1<br \/>\nPrazo de fabrica\u00e7\u00e3o: 20 dias \u00fateis, podendo ocorrer antes.<br \/>\nGarantia permanente do ouro 18 k e pedras e de um ano contra defeitos de fabrica\u00e7\u00e3o<\/p>\n","protected":false},"featured_media":442,"comment_status":"open","ping_status":"closed","template":"","meta":[],"product_brand":[],"product_cat":[153],"product_tag":[297,298,156,157,83,140,59,202,60,299],"class_list":{"0":"post-386","1":"product","2":"type-product","3":"status-publish","4":"has-post-thumbnail","6":"product_cat-brincos","7":"product_tag-adulto","8":"product_tag-brilhantes","9":"product_tag-brinco","10":"product_tag-brincos","11":"product_tag-diamante","12":"product_tag-diamantes","13":"product_tag-garantia","14":"product_tag-infantil","15":"product_tag-ouro-18-k","16":"product_tag-ponto-de-luz","18":"first","19":"outofstock","20":"shipping-taxable","21":"product-type-simple"},"_links":{"self":[{"href":"https:\/\/meiremendesjoias.com.br\/novo\/wp-json\/wp\/v2\/product\/386","targetHints":{"allow":["GET"]}}],"collection":[{"href":"https:\/\/meiremendesjoias.com.br\/novo\/wp-json\/wp\/v2\/product"}],"about":[{"href":"https:\/\/meiremendesjoias.com.br\/novo\/wp-json\/wp\/v2\/types\/product"}],"replies":[{"embeddable":true,"href":"https:\/\/meiremendesjoias.com.br\/novo\/wp-json\/wp\/v2\/comments?post=386"}],"wp:featuredmedia":[{"embeddable":true,"href":"https:\/\/meiremendesjoias.com.br\/novo\/wp-json\/wp\/v2\/media\/442"}],"wp:attachment":[{"href":"https:\/\/meiremendesjoias.com.br\/novo\/wp-json\/wp\/v2\/media?parent=386"}],"wp:term":[{"taxonomy":"product_brand","embeddable":true,"href":"https:\/\/meiremendesjoias.com.br\/novo\/wp-json\/wp\/v2\/product_brand?post=386"},{"taxonomy":"product_cat","embeddable":true,"href":"https:\/\/meiremendesjoias.com.br\/novo\/wp-json\/wp\/v2\/product_cat?post=386"},{"taxonomy":"product_tag","embeddable":true,"href":"https:\/\/meiremendesjoias.com.br\/novo\/wp-json\/wp\/v2\/product_tag?post=386"}],"curies":[{"name":"wp","href":"https:\/\/api.w.org\/{rel}","templated":true}]}}