{"id":520,"date":"2023-11-30T17:45:23","date_gmt":"2023-11-30T20:45:23","guid":{"rendered":"https:\/\/meiremendesjoias.com.br\/novo\/?post_type=product&#038;p=520"},"modified":"2023-12-01T19:07:43","modified_gmt":"2023-12-01T22:07:43","slug":"pulseira-coracao-black","status":"publish","type":"product","link":"https:\/\/meiremendesjoias.com.br\/novo\/produto\/pulseira-coracao-black\/","title":{"rendered":"Pulseira Cora\u00e7\u00e3o Black"},"content":{"rendered":"<p>Pulseira modelo cord\u00e3o baiano, banhada a ouro amarelo 18 k e pingente de cora\u00e7\u00e3o todo cravejado de micro zirc\u00f4nias negras.<br \/>\nComprimento: 19 cm, mais extensor que chega at\u00e9 22 cm.<br \/>\nCora\u00e7\u00e3o: 2,0 cm de largura x 2,0 cm de altura<\/p>\n","protected":false},"excerpt":{"rendered":"<p>Pulseira modelo cord\u00e3o baiano, banhada a ouro amarelo 18 k e pingente de cora\u00e7\u00e3o todo cravejado de micro zirc\u00f4nias negras.<br \/>\nComprimento: 19 cm, mais extensor que chega at\u00e9 22 cm.<br \/>\nCora\u00e7\u00e3o: 2,0 cm de largura x 2,0 cm de altura<\/p>\n","protected":false},"featured_media":578,"comment_status":"open","ping_status":"closed","template":"","meta":[],"product_brand":[],"product_cat":[146],"product_tag":[27,245,29,333,215,151],"class_list":{"0":"post-520","1":"product","2":"type-product","3":"status-publish","4":"has-post-thumbnail","6":"product_cat-pulseiras","7":"product_tag-banhado-a-ouro-amarelo-18-k","8":"product_tag-black","9":"product_tag-coracao","10":"product_tag-cordao-baiano","11":"product_tag-micro-zirconias","12":"product_tag-pulseira","14":"first","15":"instock","16":"shipping-taxable","17":"purchasable","18":"product-type-simple"},"_links":{"self":[{"href":"https:\/\/meiremendesjoias.com.br\/novo\/wp-json\/wp\/v2\/product\/520","targetHints":{"allow":["GET"]}}],"collection":[{"href":"https:\/\/meiremendesjoias.com.br\/novo\/wp-json\/wp\/v2\/product"}],"about":[{"href":"https:\/\/meiremendesjoias.com.br\/novo\/wp-json\/wp\/v2\/types\/product"}],"replies":[{"embeddable":true,"href":"https:\/\/meiremendesjoias.com.br\/novo\/wp-json\/wp\/v2\/comments?post=520"}],"wp:featuredmedia":[{"embeddable":true,"href":"https:\/\/meiremendesjoias.com.br\/novo\/wp-json\/wp\/v2\/media\/578"}],"wp:attachment":[{"href":"https:\/\/meiremendesjoias.com.br\/novo\/wp-json\/wp\/v2\/media?parent=520"}],"wp:term":[{"taxonomy":"product_brand","embeddable":true,"href":"https:\/\/meiremendesjoias.com.br\/novo\/wp-json\/wp\/v2\/product_brand?post=520"},{"taxonomy":"product_cat","embeddable":true,"href":"https:\/\/meiremendesjoias.com.br\/novo\/wp-json\/wp\/v2\/product_cat?post=520"},{"taxonomy":"product_tag","embeddable":true,"href":"https:\/\/meiremendesjoias.com.br\/novo\/wp-json\/wp\/v2\/product_tag?post=520"}],"curies":[{"name":"wp","href":"https:\/\/api.w.org\/{rel}","templated":true}]}}