{"id":780,"date":"2023-11-30T17:47:33","date_gmt":"2023-11-30T20:47:33","guid":{"rendered":"https:\/\/meiremendesjoias.com.br\/novo\/?post_type=product&#038;p=780"},"modified":"2025-02-20T16:07:57","modified_gmt":"2025-02-20T19:07:57","slug":"colar-nossa-senhora-das-gracas-perolas","status":"publish","type":"product","link":"https:\/\/meiremendesjoias.com.br\/novo\/produto\/colar-nossa-senhora-das-gracas-perolas\/","title":{"rendered":"Colar Nossa Senhora Das Gra\u00e7as P\u00e9rolas"},"content":{"rendered":"","protected":false},"excerpt":{"rendered":"<p>Colar banhado a r\u00f3dio, com medalha da Nossa Senhora das Gra\u00e7as de madrep\u00e9rola, em alto relevo, com zirc\u00f4nias tanzanita e p\u00e9rolas a volta toda.<br \/>\nPingente: 5,0 cm de largura x 7,0 cm de altura<br \/>\nCorrente: 60 cm de comprimento<\/p>\n","protected":false},"featured_media":843,"comment_status":"open","ping_status":"closed","template":"","meta":[],"product_brand":[],"product_cat":[170],"product_tag":[360,172,175,448,57,178,107,241,42],"class_list":{"0":"post-780","1":"product","2":"type-product","3":"status-publish","4":"has-post-thumbnail","6":"product_cat-colares","7":"product_tag-banhada-a-rodio","8":"product_tag-colar","9":"product_tag-colares","10":"product_tag-nossa-senhora-das-gracas","11":"product_tag-perolas","12":"product_tag-protecao","13":"product_tag-religioso","14":"product_tag-tanzanita","15":"product_tag-zirconias","17":"first","18":"instock","19":"shipping-taxable","20":"purchasable","21":"product-type-simple"},"_links":{"self":[{"href":"https:\/\/meiremendesjoias.com.br\/novo\/wp-json\/wp\/v2\/product\/780","targetHints":{"allow":["GET"]}}],"collection":[{"href":"https:\/\/meiremendesjoias.com.br\/novo\/wp-json\/wp\/v2\/product"}],"about":[{"href":"https:\/\/meiremendesjoias.com.br\/novo\/wp-json\/wp\/v2\/types\/product"}],"replies":[{"embeddable":true,"href":"https:\/\/meiremendesjoias.com.br\/novo\/wp-json\/wp\/v2\/comments?post=780"}],"wp:featuredmedia":[{"embeddable":true,"href":"https:\/\/meiremendesjoias.com.br\/novo\/wp-json\/wp\/v2\/media\/843"}],"wp:attachment":[{"href":"https:\/\/meiremendesjoias.com.br\/novo\/wp-json\/wp\/v2\/media?parent=780"}],"wp:term":[{"taxonomy":"product_brand","embeddable":true,"href":"https:\/\/meiremendesjoias.com.br\/novo\/wp-json\/wp\/v2\/product_brand?post=780"},{"taxonomy":"product_cat","embeddable":true,"href":"https:\/\/meiremendesjoias.com.br\/novo\/wp-json\/wp\/v2\/product_cat?post=780"},{"taxonomy":"product_tag","embeddable":true,"href":"https:\/\/meiremendesjoias.com.br\/novo\/wp-json\/wp\/v2\/product_tag?post=780"}],"curies":[{"name":"wp","href":"https:\/\/api.w.org\/{rel}","templated":true}]}}