{"id":826,"date":"2023-11-30T17:47:55","date_gmt":"2023-11-30T20:47:55","guid":{"rendered":"https:\/\/meiremendesjoias.com.br\/novo\/?post_type=product&#038;p=826"},"modified":"2023-12-06T16:52:19","modified_gmt":"2023-12-06T19:52:19","slug":"escapulario-sao-jorge-ouro-18-k","status":"publish","type":"product","link":"https:\/\/meiremendesjoias.com.br\/novo\/produto\/escapulario-sao-jorge-ouro-18-k\/","title":{"rendered":"Escapul\u00e1rio S\u00e3o Jorge Ouro 18 k"},"content":{"rendered":"<p>Escapul\u00e1rio S\u00e3o Jorge em ouro 18 k, polido, com imagem e ora\u00e7\u00e3o.<br \/>\nComprimento total: 60 cm<br \/>\nMedalha: 2,3 cm de altura x 2,0 cm de largura<br \/>\nPeso m\u00e9dio: 9,2 gramas<br \/>\nGarantia permanente do ouro 18 k e de um ano contra defeitos de fabrica\u00e7\u00e3o.<\/p>\n","protected":false},"excerpt":{"rendered":"<p>Escapul\u00e1rio S\u00e3o Jorge em ouro 18 k, polido, com imagem e ora\u00e7\u00e3o.<br \/>\nComprimento total: 60 cm<br \/>\nMedalha: 2,3 cm de altura x 2,0 cm de largura<br \/>\nPeso m\u00e9dio: 9,2 gramas<br \/>\nGarantia permanente do ouro 18 k e de um ano contra defeitos de fabrica\u00e7\u00e3o.<\/p>\n","protected":false},"featured_media":885,"comment_status":"open","ping_status":"closed","template":"","meta":[],"product_brand":[],"product_cat":[170],"product_tag":[437,68,442,60,107,443],"class_list":{"0":"post-826","1":"product","2":"type-product","3":"status-publish","4":"has-post-thumbnail","6":"product_cat-colares","7":"product_tag-escapulario","8":"product_tag-imagem-sao-jorge","9":"product_tag-oracao","10":"product_tag-ouro-18-k","11":"product_tag-religioso","12":"product_tag-unisex","14":"first","15":"outofstock","16":"shipping-taxable","17":"product-type-simple"},"_links":{"self":[{"href":"https:\/\/meiremendesjoias.com.br\/novo\/wp-json\/wp\/v2\/product\/826","targetHints":{"allow":["GET"]}}],"collection":[{"href":"https:\/\/meiremendesjoias.com.br\/novo\/wp-json\/wp\/v2\/product"}],"about":[{"href":"https:\/\/meiremendesjoias.com.br\/novo\/wp-json\/wp\/v2\/types\/product"}],"replies":[{"embeddable":true,"href":"https:\/\/meiremendesjoias.com.br\/novo\/wp-json\/wp\/v2\/comments?post=826"}],"wp:featuredmedia":[{"embeddable":true,"href":"https:\/\/meiremendesjoias.com.br\/novo\/wp-json\/wp\/v2\/media\/885"}],"wp:attachment":[{"href":"https:\/\/meiremendesjoias.com.br\/novo\/wp-json\/wp\/v2\/media?parent=826"}],"wp:term":[{"taxonomy":"product_brand","embeddable":true,"href":"https:\/\/meiremendesjoias.com.br\/novo\/wp-json\/wp\/v2\/product_brand?post=826"},{"taxonomy":"product_cat","embeddable":true,"href":"https:\/\/meiremendesjoias.com.br\/novo\/wp-json\/wp\/v2\/product_cat?post=826"},{"taxonomy":"product_tag","embeddable":true,"href":"https:\/\/meiremendesjoias.com.br\/novo\/wp-json\/wp\/v2\/product_tag?post=826"}],"curies":[{"name":"wp","href":"https:\/\/api.w.org\/{rel}","templated":true}]}}