{"id":873,"date":"2023-11-30T17:48:18","date_gmt":"2023-11-30T20:48:18","guid":{"rendered":"https:\/\/meiremendesjoias.com.br\/novo\/?post_type=product&#038;p=873"},"modified":"2023-12-08T15:53:52","modified_gmt":"2023-12-08T18:53:52","slug":"gargantilha-relicario-coracao","status":"publish","type":"product","link":"https:\/\/meiremendesjoias.com.br\/novo\/produto\/gargantilha-relicario-coracao\/","title":{"rendered":"Gargantilha Relic\u00e1rio Cora\u00e7\u00e3o"},"content":{"rendered":"<p>Gargantilha banhada a r\u00f3dio, com pingente de cora\u00e7\u00e3o relic\u00e1rio todo cravejado.<br \/>\nComprimento: 50 cm.<br \/>\nCora\u00e7\u00e3o: 4,5 cm de largura x 4,5 cm de altura, em m\u00e9dia.<\/p>\n","protected":false},"excerpt":{"rendered":"<p>Gargantilha banhada a r\u00f3dio, com pingente de cora\u00e7\u00e3o relic\u00e1rio todo cravejado.<br \/>\nComprimento: 50 cm.<br \/>\nCora\u00e7\u00e3o: 4,5 cm de largura x 4,5 cm de altura, em m\u00e9dia.<\/p>\n","protected":false},"featured_media":933,"comment_status":"open","ping_status":"closed","template":"","meta":[],"product_brand":[],"product_cat":[170],"product_tag":[360,175,29,186,41,218],"class_list":{"0":"post-873","1":"product","2":"type-product","3":"status-publish","4":"has-post-thumbnail","6":"product_cat-colares","7":"product_tag-banhada-a-rodio","8":"product_tag-colares","9":"product_tag-coracao","10":"product_tag-gargantilha","11":"product_tag-micro-cravacao","12":"product_tag-relicario","14":"first","15":"instock","16":"shipping-taxable","17":"purchasable","18":"product-type-simple"},"_links":{"self":[{"href":"https:\/\/meiremendesjoias.com.br\/novo\/wp-json\/wp\/v2\/product\/873","targetHints":{"allow":["GET"]}}],"collection":[{"href":"https:\/\/meiremendesjoias.com.br\/novo\/wp-json\/wp\/v2\/product"}],"about":[{"href":"https:\/\/meiremendesjoias.com.br\/novo\/wp-json\/wp\/v2\/types\/product"}],"replies":[{"embeddable":true,"href":"https:\/\/meiremendesjoias.com.br\/novo\/wp-json\/wp\/v2\/comments?post=873"}],"wp:featuredmedia":[{"embeddable":true,"href":"https:\/\/meiremendesjoias.com.br\/novo\/wp-json\/wp\/v2\/media\/933"}],"wp:attachment":[{"href":"https:\/\/meiremendesjoias.com.br\/novo\/wp-json\/wp\/v2\/media?parent=873"}],"wp:term":[{"taxonomy":"product_brand","embeddable":true,"href":"https:\/\/meiremendesjoias.com.br\/novo\/wp-json\/wp\/v2\/product_brand?post=873"},{"taxonomy":"product_cat","embeddable":true,"href":"https:\/\/meiremendesjoias.com.br\/novo\/wp-json\/wp\/v2\/product_cat?post=873"},{"taxonomy":"product_tag","embeddable":true,"href":"https:\/\/meiremendesjoias.com.br\/novo\/wp-json\/wp\/v2\/product_tag?post=873"}],"curies":[{"name":"wp","href":"https:\/\/api.w.org\/{rel}","templated":true}]}}